{"id":21137,"date":"2016-12-03T09:16:44","date_gmt":"2016-12-03T08:16:44","guid":{"rendered":"http:\/\/www.huellaspuertollano.es\/?page_id=21137"},"modified":"2017-09-20T15:10:52","modified_gmt":"2017-09-20T14:10:52","slug":"solicitud-de-acceso-al-albergue","status":"publish","type":"page","link":"https:\/\/www.huellaspuertollano.es\/?page_id=21137","title":{"rendered":"Solicitud de acceso al Albergue"},"content":{"rendered":"<p>Se debe solicitar autorizaci\u00f3n a la Protectora para acceder a las instalaciones con un m\u00ednimo de antelaci\u00f3n de 24 horas, solo se podr\u00e1 solicitar este acceso en situaciones excepcionales, como visitas programadas, ya sean de Asociaciones Internacionales, otras Protecotras nacionales, miembros del instituciones p\u00falbicas, etc&#8230;.Ya que el acceso al albergue es exclusivo para voluntarios activos, ligados a la Protectora por el contrato de voluntario.<\/p>\n<p>En el caso de dar el consentimiento a dicho acceso al albergue, se dar\u00e1 exclusivamente para la ma\u00f1ana o tarde del d\u00eda solicitado.<\/p>\n<p>Una vez cumplimentado el siguiente formulario, se debe esperar a recibir autorizaci\u00f3n o no para el acceso por correo electr\u00f3nico<\/p>\n<p>Muchas gracias por tu ayuda!!<\/p>\n<div role=\"form\" class=\"wpcf7\" id=\"wpcf7-f21140-o1\" lang=\"en-US\" dir=\"ltr\">\n<div class=\"screen-reader-response\"><\/div>\n<form action=\"\/index.php?rest_route=%2Fwp%2Fv2%2Fpages%2F21137#wpcf7-f21140-o1\" method=\"post\" class=\"wpcf7-form\" novalidate=\"novalidate\">\n<div style=\"display: none;\">\n<input type=\"hidden\" name=\"_wpcf7\" value=\"21140\" \/>\n<input type=\"hidden\" name=\"_wpcf7_version\" value=\"5.1.7\" \/>\n<input type=\"hidden\" name=\"_wpcf7_locale\" value=\"en_US\" \/>\n<input type=\"hidden\" name=\"_wpcf7_unit_tag\" value=\"wpcf7-f21140-o1\" \/>\n<input type=\"hidden\" name=\"_wpcf7_container_post\" value=\"0\" \/>\n<\/div>\n<table>\n<tr>\n<td>Nombre y Apellidos<\/td>\n<td><span class=\"wpcf7-form-control-wrap your-name\"><input type=\"text\" name=\"your-name\" value=\"\" size=\"40\" class=\"wpcf7-form-control wpcf7-text wpcf7-validates-as-required\" aria-required=\"true\" aria-invalid=\"false\" \/><\/span><\/td>\n<\/tr>\n<tr>\n<td>DNI <\/td>\n<td><span class=\"wpcf7-form-control-wrap dni\"><input type=\"text\" name=\"dni\" value=\"\" size=\"40\" maxlength=\"9\" class=\"wpcf7-form-control wpcf7-text wpcf7-validates-as-required\" aria-required=\"true\" aria-invalid=\"false\" \/><\/span> <\/td>\n<\/tr>\n<tr>\n<td>Fecha de nacimiento<\/td>\n<td><span class=\"wpcf7-form-control-wrap text-15\"><input type=\"text\" name=\"text-15\" value=\"\" size=\"40\" class=\"wpcf7-form-control wpcf7-text wpcf7-validates-as-required\" aria-required=\"true\" aria-invalid=\"false\" \/><\/span><\/td>\n<\/tr>\n<tr>\n<td>Correo electr\u00f3nico<\/td>\n<td><span class=\"wpcf7-form-control-wrap your-email\"><input type=\"email\" name=\"your-email\" value=\"\" size=\"40\" class=\"wpcf7-form-control wpcf7-text wpcf7-email wpcf7-validates-as-required wpcf7-validates-as-email\" aria-required=\"true\" aria-invalid=\"false\" \/><\/span> <\/td>\n<\/tr>\n<tr>\n<td>Tel\u00e9fono<\/td>\n<td><span class=\"wpcf7-form-control-wrap text-982\"><input type=\"text\" name=\"text-982\" value=\"\" size=\"40\" maxlength=\"9\" class=\"wpcf7-form-control wpcf7-text\" aria-invalid=\"false\" \/><\/span><\/td>\n<\/tr>\n<tr>\n<td>Fecha de acceso<\/td>\n<td> <span class=\"wpcf7-form-control-wrap text-111\"><input type=\"text\" name=\"text-111\" value=\"\" size=\"40\" class=\"wpcf7-form-control wpcf7-text wpcf7-validates-as-required\" aria-required=\"true\" aria-invalid=\"false\" \/><\/span><\/td>\n<\/tr>\n<tr>\n<tr>\n<td>Franja horaria<\/td>\n<td><span class=\"wpcf7-form-control-wrap radio-621\"><span class=\"wpcf7-form-control wpcf7-radio\"><span class=\"wpcf7-list-item first\"><input type=\"radio\" name=\"radio-621\" value=\"Ma\u00f1ana\" \/><span class=\"wpcf7-list-item-label\">Ma\u00f1ana<\/span><\/span><span class=\"wpcf7-list-item last\"><input type=\"radio\" name=\"radio-621\" value=\"Tarde\" \/><span class=\"wpcf7-list-item-label\">Tarde<\/span><\/span><\/span><\/span><\/td>\n<\/tr>\n<tr>\n<td>Tarea que deseas realizar<\/td>\n<td><span class=\"wpcf7-form-control-wrap radio-388\"><span class=\"wpcf7-form-control wpcf7-radio\"><span class=\"wpcf7-list-item first\"><input type=\"radio\" name=\"radio-388\" value=\"Limpieza\" \/><span class=\"wpcf7-list-item-label\">Limpieza<\/span><\/span><span class=\"wpcf7-list-item\"><input type=\"radio\" name=\"radio-388\" value=\"Curas y medicaciones\" \/><span class=\"wpcf7-list-item-label\">Curas y medicaciones<\/span><\/span><span class=\"wpcf7-list-item last\"><input type=\"radio\" name=\"radio-388\" value=\"Reparto de comida (solo tardes)\" \/><span class=\"wpcf7-list-item-label\">Reparto de comida (solo tardes)<\/span><\/span><\/span><\/span><\/td>\n<\/tr>\n<tr>\n<td>Teclea el texto<\/td>\n<td><input type=\"hidden\" name=\"_wpcf7_captcha_challenge_captcha-47\" value=\"325184103\" \/><img loading=\"lazy\" decoding=\"async\" class=\"wpcf7-form-control wpcf7-captchac wpcf7-captcha-captcha-47\" width=\"60\" height=\"20\" alt=\"captcha\" src=\"https:\/\/www.huellaspuertollano.es\/wp-content\/uploads\/wpcf7_captcha\/325184103.png\" \/><span class=\"wpcf7-form-control-wrap captcha-47\"><input type=\"text\" name=\"captcha-47\" value=\"\" size=\"4\" maxlength=\"4\" class=\"wpcf7-form-control wpcf7-captchar\" autocomplete=\"off\" aria-invalid=\"false\" \/><\/span><\/td>\n<\/tr>\n<\/table>\n<p><center><input type=\"submit\" value=\"Enviar\" class=\"wpcf7-form-control wpcf7-submit\" \/><\/center><\/p>\n<p style=\"display: none !important;\" class=\"akismet-fields-container\" data-prefix=\"_wpcf7_ak_\"><label>&#916;<textarea name=\"_wpcf7_ak_hp_textarea\" cols=\"45\" rows=\"8\" maxlength=\"100\"><\/textarea><\/label><input type=\"hidden\" id=\"ak_js_1\" name=\"_wpcf7_ak_js\" value=\"138\"\/><script>document.getElementById( \"ak_js_1\" ).setAttribute( \"value\", ( new Date() ).getTime() );<\/script><\/p><div class=\"wpcf7-response-output wpcf7-display-none\"><\/div><\/form><\/div>\n","protected":false},"excerpt":{"rendered":"<p>Se debe solicitar autorizaci\u00f3n a la Protectora para acceder a las instalaciones con un m\u00ednimo de antelaci\u00f3n de 24 horas, solo se podr\u00e1 solicitar este acceso en situaciones excepcionales, como visitas programadas, ya sean de Asociaciones Internacionales, otras Protecotras nacionales,&#8230;<br \/><a class=\"read-more-button\" href=\"https:\/\/www.huellaspuertollano.es\/?page_id=21137\">Leer m\u00e1s<\/a><\/p>\n","protected":false},"author":1,"featured_media":0,"parent":0,"menu_order":0,"comment_status":"open","ping_status":"closed","template":"","meta":{"footnotes":""},"class_list":["post-21137","page","type-page","status-publish","hentry"],"_links":{"self":[{"href":"https:\/\/www.huellaspuertollano.es\/index.php?rest_route=\/wp\/v2\/pages\/21137","targetHints":{"allow":["GET"]}}],"collection":[{"href":"https:\/\/www.huellaspuertollano.es\/index.php?rest_route=\/wp\/v2\/pages"}],"about":[{"href":"https:\/\/www.huellaspuertollano.es\/index.php?rest_route=\/wp\/v2\/types\/page"}],"author":[{"embeddable":true,"href":"https:\/\/www.huellaspuertollano.es\/index.php?rest_route=\/wp\/v2\/users\/1"}],"replies":[{"embeddable":true,"href":"https:\/\/www.huellaspuertollano.es\/index.php?rest_route=%2Fwp%2Fv2%2Fcomments&post=21137"}],"version-history":[{"count":7,"href":"https:\/\/www.huellaspuertollano.es\/index.php?rest_route=\/wp\/v2\/pages\/21137\/revisions"}],"predecessor-version":[{"id":24710,"href":"https:\/\/www.huellaspuertollano.es\/index.php?rest_route=\/wp\/v2\/pages\/21137\/revisions\/24710"}],"wp:attachment":[{"href":"https:\/\/www.huellaspuertollano.es\/index.php?rest_route=%2Fwp%2Fv2%2Fmedia&parent=21137"}],"curies":[{"name":"wp","href":"https:\/\/api.w.org\/{rel}","templated":true}]}}